ime factors of z(h).
7
Suppose -5*r + 824 = h, -3*r - h - h + 500 = 0. What are the prime factors of r?
2, 41
Let l be (5 - 3)*(-5)/2. Let m = -2 - l. List the prime factors of (2 - -3*m)*1.
11
Suppose 0 = -2*v + 44 + 166. List the prime factors of v.
3, 5, 7
Let m be ((-4)/(-5))/(10/25). Suppose -l - 4*d = -30, -3*l = l + m*d - 50. List the prime factors of l.
2, 5
Suppose -2*v = 3*z - 160, -z + 2*v + 2*v = -72. Suppose 3*y - z = -y. List the prime factors of y.
2, 7
Let w(y) = 4*y**2 + y - 1. Let z be w(-2). List the prime factors of z + 3 + (-4 - -2).
2, 7
Suppose 19 = 4*a + 7. Let c = 1 + a. Suppose c*b - 15 = b. What are the prime factors of b?
5
Suppose 4*f + 3*q = 7, q + 5 - 2 = 0. Let t = 4 + f. What are the prime factors of t?
2
Let b(p) = p**3 + 7*p**2 + 19. List the prime factors of b(-5).
3, 23
Suppose v = -4*d + 60, 3*v - 2 = d - 4. What are the prime factors of d?
2, 7
Let g(w) = -4*w + 7 - 15 - w. List the prime factors of g(-5).
17
Suppose -5*c = -6 + 1. Let f = c + 1. Suppose 1 = -f*w + 5. List the prime factors of w.
2
Suppose -3*s = 2*q - 77, q + 3*q = -4*s + 144. What are the prime factors of q?
31
Let d(s) = -s**3 + 10*s**2 - 8*s + 6. List the prime factors of d(7).
97
Suppose 2*l - 12 = -7*w + 3*w, -16 = 4*w. List the prime factors of l.
2, 7
Let x(z) = 7*z**2 - z - 3. Let f(y) = 20*y**2 - 2*y - 9. Let d(c) = 6*f(c) - 17*x(c). Let p be d(-6). Suppose -40 = -8*g + p*g. List the prime factors of g.
2
Let j(q) = -q + 5. Let w be j(3). Suppose 0 = -4*x + 3*u + 102, w*u = 5*u - 6. What are the prime factors of x?
3
Suppose -4*c + 3 + 13 = 0. Suppose 22 + 10 = c*t. What are the prime factors of t?
2
Let u(j) = 26*j - 3. Let i(b) = -13*b + 2. Let t(p) = -5*i(p) - 2*u(p). List the prime factors of t(2).
2, 11
Suppose 0 = -5*y - 15, -3*a - 2*y = -5*y - 258. What are the prime factors of a?
83
What are the prime factors of (-6*(-2)/8)/((-24)/(-496))?
31
Let i = 0 + 2. What are the prime factors of 1/(1/5) - i?
3
What are the prime factors of 6*((-32)/18)/((-4)/42)?
2, 7
Let h be (6/(-8))/((-1)/4). Suppose -23 = 3*z - 5*k, -4*k = -5*z + h*z - 18. List the prime factors of (-2 - 5/z) + -1.
2
Suppose 43 = 3*j - 14. Suppose -n + j = -31. List the prime factors of n.
2, 5
Let t = 544 + -321. List the prime factors of t.
223
Let w = 176 + -163. What are the prime factors of w?
13
Let s = 2 + 0. Let w be (2 - (0 + 1)) + s. Suppose w = -y + 5. What are the prime factors of y?
2
Let p(b) = -b**2 + 4*b + 1. Let o(l) be the first derivative of l**3/3 - 3*l**2/2 + 1. Let k(h) = 4*o(h) + 3*p(h). List the prime factors of k(3).
2, 3
Let u(b) = b**3 + 11*b**2 + b + 14. Let m(n) = 6*n + 1. Let h be m(-2). What are the prime factors of u(h)?
3
Let w(t) = -t**2 + 5*t - 1. Let z be w(4). Suppose 44 = z*c + c. What are the prime factors of c?
11
Let a(q) = 13*q + 316. List the prime factors of a(0).
2, 79
Suppose 8*g - 3*g = -5. What are the prime factors of 2 + 4 + g - -2?
7
Let r = 2 - 2. Suppose 5*v - 3*u = 69, 3*v + 5*u = 2*v + 25. Let c = v - r. List the prime factors of c.
3, 5
Let h(o) = -o + 39. List the prime factors of h(14).
5
Let d be ((-2)/(-6))/((-4)/(-852)). Let n = d - 27. Suppose 31 = 5*w - n. List the prime factors of w.
3, 5
Let j = 298 - 177. List the prime factors of j.
11
Suppose -53 = 4*h + 3*w, -4*w + 0 = -h + 1. Let x = -7 - h. Suppose 3*j = x*j - 4. List the prime factors of j.
2
Suppose z - 2*s - 27 = -6, -2*s + 6 = 0. List the prime factors of z.
3
Let y = -8 + 7. What are the prime factors of (y - -3) + 2*17?
2, 3
Let q(d) = 5*d - 3*d + d**2 - 10*d**3 + 3*d - 4*d. Let n be (-33)/27 + (-4)/(-18). What are the prime factors of q(n)?
2, 5
Let q(c) = -152*c - 3. List the prime factors of q(-1).
149
Let p(i) be the first derivative of -i**2/2 - 2. Let z be p(6). Let a = 9 + z. What are the prime factors of a?
3
Suppose 5*h = 11*h - 180. What are the prime factors of h?
2, 3, 5
Suppose 0 = -3*h + 101 + 73. List the prime factors of h.
2, 29
Let n = -1 + 6. Suppose -n*w + 20 + 50 = 0. List the prime factors of w.
2, 7
Suppose g - 4 = -g. Suppose 0 = -g*x + x + 16. What are the prime factors of x?
2
Suppose h + 9*r = 4*r + 18, 4*r = -5*h + 132. Suppose 11*t - 15*t = -h. List the prime factors of t.
7
What are the prime factors of 2 + -2 + 3 + 142?
5, 29
Let l be 3/3*(-14 + -5). Let h = 78 + l. List the prime factors of h.
59
Suppose 12*m - 80 = 7*m. Suppose -1 + 3 = 2*v. Let b = m - v. What are the prime factors of b?
3, 5
Let b(r) = -r**3 + 12*r**2 - 10*r + 9. Let p be b(11). Suppose l = 8 + p. List the prime factors of l.
2, 7
Let r = -3 + 8. List the prime factors of r.
5
Suppose o + 225 = 5*o - w, 0 = -5*o + 2*w + 285. Let i = o + -32. Suppose m = 5*m + 3*z + 7, -m - 5*z = i. What are the prime factors of m?
2
Suppose 0 = -55*f + 52*f + 258. What are the prime factors of f?
2, 43
Let d = 28 + -15. List the prime factors of d.
13
What are the prime factors of (-8232)/(-36) + -2*1/(-6)?
229
Suppose 7*b = 8*b. What are the prime factors of (44 - (-4)/1) + b?
2, 3
Suppose 2*c = -3*c - 4*n + 239, -2*c + 118 = -4*n. List the prime factors of c.
3, 17
What are the prime factors of -4 - -4*2 - -11?
3, 5
Let u(p) = p**3 + 3*p**2 - 6*p - 3. Let v be u(-4). Suppose -724 = -8*d - 60. Suppose -23 + d = v*s. List the prime factors of s.
2, 3
Suppose 87 = r + 6. List the prime factors of r.
3
Let g(s) = -13*s. Let c = 5 + -8. Let r be g(c). Let t = r + -25. What are the prime factors of t?
2, 7
Let l(r) = r + 3. Let d be l(7). Suppose 12*a = d*a + 36. What are the prime factors of a?
2, 3
Let t(b) = b + 33. Let f be 0/(5/((-5)/(-2))). List the prime factors of t(f).
3, 11
Suppose 0 = k - 7*k + 294. List the prime factors of k.
7
Let b(r) = -r**2 - 8*r + 11. Let u be b(-9). Let z = 2 + u. What are the prime factors of z?
2
Let b(x) = 4*x**3 - x**2 + x. Let i be b(1). Let u be 1*(-1)/(1/(-10)). Suppose i*r - 6*r + u = 0. What are the prime factors of r?
5
Suppose 21*f - 136 = 17*f. List the prime factors of f.
2, 17
List the prime factors of 1 + 100 - (-1 + 3).
3, 11
Let p(a) = 4*a - 2. What are the prime factors of p(2)?
2, 3
Suppose 4*v - 152 = 2*t, -3*v - 2*t = v - 144. What are the prime factors of v?
37
Suppose 0 = 3*h - 5*x - 45, 4*h - 60 = 2*x - x. What are the prime factors of h?
3, 5
Suppose -4*f + 121 = -5*t - 115, t + 274 = 5*f. What are the prime factors of f?
2, 3
Let c(u) = -5*u. Let x(h) = 9*h. Let t(v) = 7*c(v) + 4*x(v). Let w be t(4). Suppose n + n = w. List the prime factors of n.
2
Suppose 28 = -r + 2*k - k, -50 = 2*r + 4*k. Let c = -15 - r. List the prime factors of c.
2, 3
Let x = -2 - 2. Let s(z) = -z**3 - 4*z**2 - 2*z - 2. Let c be s(x). Let g(a) = 4*a - 5. What are the prime factors of g(c)?
19
Suppose -4*q = -q - 168. Suppose c + q = 5*c. List the prime factors of c.
2, 7
Suppose m + 6*f - f = 97, -5*m - 5*f + 385 = 0. List the prime factors of m.
2, 3
Let s(p) = 311*p - 5. What are the prime factors of s(1)?
2, 3, 17
Let c(v) = -2*v - 15. Suppose -6*t + 2*t = 44. Let u be c(t). Let z = u - 3. What are the prime factors of z?
2
List the prime factors of -77*(2/(-9) + (-64)/36).
2, 7, 11
Let x = 85 - 1. What are the prime factors of x?
2, 3, 7
Suppose 5*r - 529 = 2*a - a, -4*r + 4*a = -436. What are the prime factors of r?
3, 5, 7
Suppose -5*n = -r + 5, 2*n - 11 = 4*r - 103. List the prime factors of r.
5
Suppose 0 = i - 4*b - 5 + 1, -i = 4*b - 4. What are the prime factors of i?
2
Let x(j) = 2*j**2 - 7*j - 7. List the prime factors of x(8).
5, 13
Let o(a) = 4*a**2 - 12*a - 2. Let v(l) = l**2 - 4*l - 1. Let m(f) = 3*o(f) - 10*v(f). Let k be m(-6). List the prime factors of k/20 + 4/10.
3
Let m be (0 + (-1)/(-2))*22. Let s = 6 + -3. Suppose -s + m = 4*n. List the prime factors of n.
2
List the prime factors of (-102)/12*2/(-1).
17
Suppose 12 = 2*g + 2*g. Suppose 1 = -z - g, 2*r + z + 16 = 0. Let u(k) = -k**3 - 7*k**2 - 8*k - 6. What are the prime factors of u(r)?
2, 3
Let l(g) = 9*g - 11. Let v(d) = -5*d + 6. Let f(p) = -3*l(p) - 5*v(p). Let b be f(4). Let x(w) = -w**3 - 3*w**2 + 6*w - 1. What are the prime factors of x(b)?
19
Let v = -12 + 17. Suppose 5*g - 132 = -3*y, -v*g - y + 2*y = -116. What are the prime factors of g?
2, 3
Suppose -4*h + 16 = 0, 104 = 2*a + 3*h + 2*h. Suppose -3*k = -6*k + a. What are the pri